{"id":749,"date":"2017-03-22T09:18:20","date_gmt":"2017-03-22T09:18:20","guid":{"rendered":"http:\/\/raratheme.com\/preview\/lawyer-landing-page-pro\/contact-us\/"},"modified":"2024-07-09T16:21:43","modified_gmt":"2024-07-09T16:21:43","slug":"contact-fiduciaire-marrakech","status":"publish","type":"page","link":"https:\/\/www.fidutra.ma\/?page_id=749","title":{"rendered":"Contact"},"content":{"rendered":"<p>&nbsp;<\/p>\n\n<div class=\"wpcf7 no-js\" id=\"wpcf7-f21-o1\" lang=\"en-US\" dir=\"ltr\">\n<div class=\"screen-reader-response\"><p role=\"status\" aria-live=\"polite\" aria-atomic=\"true\"><\/p> <ul><\/ul><\/div>\n<form action=\"\/index.php?rest_route=%2Fwp%2Fv2%2Fpages%2F749#wpcf7-f21-o1\" method=\"post\" class=\"wpcf7-form init\" aria-label=\"Contact form\" novalidate=\"novalidate\" data-status=\"init\">\n<div style=\"display: none;\">\n<input type=\"hidden\" name=\"_wpcf7\" value=\"21\" \/>\n<input type=\"hidden\" name=\"_wpcf7_version\" value=\"5.8.1\" \/>\n<input type=\"hidden\" name=\"_wpcf7_locale\" value=\"en_US\" \/>\n<input type=\"hidden\" name=\"_wpcf7_unit_tag\" value=\"wpcf7-f21-o1\" \/>\n<input type=\"hidden\" name=\"_wpcf7_container_post\" value=\"0\" \/>\n<input type=\"hidden\" name=\"_wpcf7_posted_data_hash\" value=\"\" \/>\n<\/div>\n<p><strong class=\"title\">Contactez-nous d\u00e8s aujourd'hui !<\/strong>\n<\/p>\n<p><label><br \/>\n<span class=\"wpcf7-form-control-wrap\" data-name=\"your-name\"><input size=\"40\" class=\"wpcf7-form-control wpcf7-text wpcf7-validates-as-required\" aria-required=\"true\" aria-invalid=\"false\" placeholder=\"Entrez votre nom\" value=\"\" type=\"text\" name=\"your-name\" \/><\/span> <\/label>\n<\/p>\n<p><label><br \/>\n<span class=\"wpcf7-form-control-wrap\" data-name=\"your-email\"><input size=\"40\" class=\"wpcf7-form-control wpcf7-email wpcf7-validates-as-required wpcf7-text wpcf7-validates-as-email\" aria-required=\"true\" aria-invalid=\"false\" placeholder=\"Entrez votre adresse e-mail\" value=\"\" type=\"email\" name=\"your-email\" \/><\/span> <\/label>\n<\/p>\n<p><label><br \/>\n<span class=\"wpcf7-form-control-wrap\" data-name=\"your-subject\"><input size=\"40\" class=\"wpcf7-form-control wpcf7-text\" aria-invalid=\"false\" placeholder=\"Entrez votre num\u00e9ro de t\u00e9l\u00e9phone\" value=\"\" type=\"text\" name=\"your-subject\" \/><\/span> <\/label>\n<\/p>\n<p><label><br \/>\n<span class=\"wpcf7-form-control-wrap\" data-name=\"your-message\"><textarea cols=\"40\" rows=\"10\" class=\"wpcf7-form-control wpcf7-textarea\" aria-invalid=\"false\" placeholder=\"Ajoutez votre message\" name=\"your-message\"><\/textarea><\/span> <\/label>\n<\/p>\n<p><label>Choisissez un pack :<\/label><br \/>\n<span class=\"wpcf7-form-control-wrap\" data-name=\"choix\"><select class=\"wpcf7-form-control wpcf7-select\" id=\"choix\" aria-invalid=\"false\" name=\"choix\"><option value=\"Pack Pro\">Pack Pro<\/option><option value=\"Pack Start Up\">Pack Start Up<\/option><option value=\"Pack Entrepreneur\">Pack Entrepreneur<\/option><option value=\"Pack Comptabilit\u00e9\">Pack Comptabilit\u00e9<\/option><option value=\"Business Plan Pro\">Business Plan Pro<\/option><option value=\"Business Plan Sp\u00e9cial Intilaka\">Business Plan Sp\u00e9cial Intilaka<\/option><\/select><\/span>\n<\/p>\n<p><input class=\"wpcf7-form-control wpcf7-submit has-spinner\" type=\"submit\" value=\"DEMANDEZ UN RAPPEL\" \/><br \/>\n<em>Confidentialit\u00e9 \u00e0 100 % garantie.<\/em>\n<\/p><div class=\"wpcf7-response-output\" aria-hidden=\"true\"><\/div>\n<\/form>\n<\/div>\n\n","protected":false},"excerpt":{"rendered":"<p>Merci de remplir ce formulaire pour plus d&rsquo;infos<\/p>\n","protected":false},"author":1,"featured_media":0,"parent":0,"menu_order":0,"comment_status":"closed","ping_status":"closed","template":"","meta":{"content-type":"","footnotes":""},"class_list":["post-749","page","type-page","status-publish","hentry","latest_post"],"_links":{"self":[{"href":"https:\/\/www.fidutra.ma\/index.php?rest_route=\/wp\/v2\/pages\/749","targetHints":{"allow":["GET"]}}],"collection":[{"href":"https:\/\/www.fidutra.ma\/index.php?rest_route=\/wp\/v2\/pages"}],"about":[{"href":"https:\/\/www.fidutra.ma\/index.php?rest_route=\/wp\/v2\/types\/page"}],"author":[{"embeddable":true,"href":"https:\/\/www.fidutra.ma\/index.php?rest_route=\/wp\/v2\/users\/1"}],"replies":[{"embeddable":true,"href":"https:\/\/www.fidutra.ma\/index.php?rest_route=%2Fwp%2Fv2%2Fcomments&post=749"}],"version-history":[{"count":10,"href":"https:\/\/www.fidutra.ma\/index.php?rest_route=\/wp\/v2\/pages\/749\/revisions"}],"predecessor-version":[{"id":1137,"href":"https:\/\/www.fidutra.ma\/index.php?rest_route=\/wp\/v2\/pages\/749\/revisions\/1137"}],"wp:attachment":[{"href":"https:\/\/www.fidutra.ma\/index.php?rest_route=%2Fwp%2Fv2%2Fmedia&parent=749"}],"curies":[{"name":"wp","href":"https:\/\/api.w.org\/{rel}","templated":true}]}}